 = 0 + -1. Let v be q(n). Suppose 5*g - 3*h = 253, 3*g - 84 = 4*h + v. Is g a composite number?
False
Let t = 7 - 4. Suppose 0 = -3*f + 204 + 42. Suppose -n - f = t*a - 672, 4*n - a = 2347. Is n a composite number?
False
Let o = 30 + -13. Suppose o - 16 = -l. Is (-9 - -10)*(388 - l) a composite number?
False
Let b = -619 + 8573. Suppose 3*y = -5*q - y + b, 0 = q - 2*y - 1602. Suppose 0 = -0*g + 2*g - q. Is g composite?
False
Let v = -56 + 52. Is (-3 - -5)*(-30)/v composite?
True
Let o(b) = -2*b**2 - 5*b + 1. Let h be o(-4). Let y(d) = -2*d + 8. Let m be y(h). Let i = 191 + m. Is i a composite number?
True
Let j(r) = 2*r**3 - 45*r**2 + 22*r. Let o be j(22). Suppose o = -d - 4*l + 247, l + 94 - 350 = -d. Is d a prime number?
False
Let g be (-2 - (-35)/15)*-39. Let a(b) = 7 + 1 - 43*b + 12 + 12. Is a(g) prime?
False
Let q(w) = 219*w + 52. Is q(5) composite?
True
Suppose 0*b - b = -2*d - 32, 5*b - 64 = 4*d. Let g = d - -26. Is ((-62)/g)/((-1)/5) a prime number?
True
Suppose 0 = 3*z + 2*x - 4, 0 = 5*z + x - 3 + 1. Let d = 2079 + -1048. Suppose -4*t + 725 + d = z. Is t a composite number?
False
Suppose 0 = 3*n - 5*h - 236, 5*n - 4*h - 566 = -190. Is (-54)/n + (-2518)/(-8) prime?
False
Let z be (14/(-35))/((-2)/10). Suppose -3*b - 4 + 3 = v, 3*b = -z*v + 4. Is 14 + 1 + 8/b a composite number?
False
Suppose 0 = -3*a - 3*a + 54. Let i(v) = 3*v**3 - 2*v**2 - 14*v + 16. Is i(a) composite?
True
Let r be (-44)/(-7) + 22/(-77). Let s be (r/(-7))/((-21)/98). Suppose -s*f - 8 = 0, 4*f = 3*x - 171 - 14. Is x a composite number?
False
Let c(i) = -252*i**3 + 6*i + 4. Let w(o) = 84*o**3 - 2*o - 1. Suppose -4*x + u = -23, 2*u = -0*x + 4*x - 18. Let y(g) = x*w(g) + 2*c(g). Is y(1) composite?
False
Suppose 15 = 5*r, 6155 = 2*i + 2*r + 3*r. Suppose 0 = 40*s - 38*s - i. Is s a composite number?
True
Suppose 3*u + 2*g = 22825, -u + 13*g = 18*g - 7617. Is u prime?
True
Let f be -4 - (1 + -8 + 4). Is (-7784)/(-24)*(f - -4) a composite number?
True
Let j(i) = i**3 + 15*i**2 + 4. Let u be j(-15). Let t(a) = 16*a**2 + a - 1. Is t(u) a composite number?
True
Suppose 36*q - 27774 = 18*q. Is q a prime number?
True
Is (-2388)/(-28) - 4/14 a prime number?
False
Suppose 10*n - 29379 = 21241. Is n prime?
False
Let l = -47 + 51. Is (-4)/(-5) - (l + 69366/(-30)) a composite number?
False
Let u(a) = 8*a**2 + 60*a - 69. Is u(44) a prime number?
True
Suppose 5*y = 39 + 31. Let a(n) = 0*n**3 + 5*n + 8 + 5 - 6 + n**3 + y*n**2. Is a(-13) composite?
True
Let c(o) = 169*o**2 + 6*o - 7. Let n be c(4). Suppose -2*m + 5*m - n = 0. Is m prime?
True
Let u = 23137 - -842. Is u prime?
False
Is (-2)/(((-10)/(-2885))/(-2)) prime?
False
Suppose 13602 = 15*m - 9*m. Is m a prime number?
True
Let r(h) = -h**2 + 7*h + 8. Let v be r(8). Is -1*(v + (3 + 0 - 229)) composite?
True
Let a(j) = -2*j**2 + 11*j - 1. Let u(v) = 4*v + v + 6*v - 2*v**2 + 0*v**2. Let x(c) = -5*a(c) + 4*u(c). Is x(6) composite?
False
Let o(q) = -q**3 - 4*q**2 + 4*q - 5. Let p be o(-5). Suppose -v - 4*b = -3*v + 184, -b = v - 107. Is p - (3 - v) - 2 a prime number?
True
Suppose -o + 684 = -10*x + 5*x, -5*o + 3*x + 3398 = 0. Is o prime?
False
Let j = -3515 + 8722. Is j composite?
True
Let q(p) = -p**3 - 14*p**2 - p - 12. Let a be q(-14). Suppose -t + 1817 = -5*h + 138, t + a*h - 1693 = 0. Is t composite?
True
Suppose -5*b + 15 = -8*b. Let a(m) = 3*m**3 - 3*m + 7. Let u(g) = -4*g**3 + g**2 + 3*g - 7. Let i(w) = -3*a(w) - 2*u(w). Is i(b) a prime number?
True
Let u be (-4)/(-14) - 26/(-7). Suppose 6*k - 20 = k + 5*o, 4*k + 24 = -u*o. Is 82 + 6/(-2)*k composite?
True
Is ((-64315)/20)/((-1)/4) a prime number?
False
Let l be (-101)/(-2) - (-1)/(-2). Let v = -15 - l. Let z = 130 + v. Is z composite?
True
Suppose -3*w + k + 22228 = 0, 0 = -2*w - 42*k + 40*k + 14832. Is w composite?
False
Suppose 3*i + 2*t = 53, 3*i + 5*t - 80 = -i. Let p = 9 - i. Is p*291/9*-1 a composite number?
True
Suppose -4*y - 16 = 0, 2*y + 8644 = 4*x + 3*y. Suppose 2*c + x + 7695 = 5*v, 4*v + 4*c - 7908 = 0. Is v a prime number?
True
Suppose -3*k + 2 = i, 2*i - 5 = 3*k - 1. Suppose i*c + 3*b - 4 = 5, 0 = -4*c - 5*b + 15. Suppose c*n + n = 293. Is n a prime number?
True
Suppose 2*t - 10596 = -t. Suppose -17*o + t = -13*o. Let n = o - 390. Is n composite?
True
Let l = 804 + -169. Is l a prime number?
False
Suppose -914 = -4*u - 302. Suppose 2*j - 740 = -4*a, -a + 26 = -j - u. Let k = 28 + a. Is k a prime number?
True
Suppose 9*g - 13782 - 17412 = 0. Is g prime?
False
Let o = 58 - 32. Let z = 49 - o. Is z a composite number?
False
Suppose 40*k - 17*k = 721441. Is k prime?
False
Let a(n) be the first derivative of -n**4/4 + 3*n**3 - 3*n**2/2 - 7*n + 14. Is a(6) prime?
True
Let p(g) = -56*g**3 + 0 - 3*g**2 + 129*g**3 + 7*g - 5. Is p(2) prime?
False
Suppose 3*h + 3 = 4*d - 7, -5*d + 16 = -2*h. Suppose -5*m - 127 + 997 = 4*r, 5*m = h*r - 450. Let g = 187 + r. Is g composite?
True
Let q be 6/(-5)*(-220)/33. Suppose 4*o - 28 = -q. Suppose -5*l + 2*c = -209, 0 = o*l + 5*c - 45 - 185. Is l a composite number?
False
Let i = -15330 - -63537. Is i a composite number?
True
Let m = 14 - 11. Let k(d) = 32*d**2 - 9*d - 2. Is k(m) composite?
True
Let g = -1251 - -5036. Is g prime?
False
Let w(c) = 290*c**2 - 33*c - 145. Is w(-6) prime?
False
Let t(w) = 1926*w**2 + 8*w. Is t(1) a prime number?
False
Suppose 0 = 6*i - i. Let d = 3 + i. Suppose -2*l - 5*k = -261, -d*l - 5*k = 2*l - 660. Is l a composite number?
True
Suppose 0 = 15*y - 781927 - 343238. Is y prime?
True
Let j(p) = -p - 4. Let z be j(-7). Suppose 226 = u - z*t + 88, 690 = 5*u - 2*t. Let y = u + -11. Is y a prime number?
True
Let c(h) = 79*h + 220. Is c(19) prime?
True
Let b(u) = u**3 - 9*u**2 + 11*u - 8. Suppose -3*n = 6 - 51. Is b(n) a prime number?
False
Let j(d) = -40*d**2 - 4*d - 2. Let p be j(-3). Let o = p + 615. Is o composite?
True
Let i = -38134 + 54317. Is i composite?
False
Let m = 508 + 105. Is m a composite number?
False
Let o = 1341 - 895. Suppose -63 = -13*f - 24. Suppose -f*s = -s - o. Is s composite?
False
Let w(v) = 157*v + 2. Let a be w(2). Let l = -37 - 124. Let i = l + a. Is i prime?
False
Is 5 + (9 - 9) - -2148 composite?
False
Let v = -8 + 18. Let t = 10 - v. Suppose -f + 2*k + 66 = t, -4*k + 282 = 5*f - 2*k. Is f a composite number?
True
Let g = -88 + 58. Let d = 119 - g. Is d a prime number?
True
Let m(y) be the first derivative of y**3/3 - 6*y**2 - 5. Let c be m(14). Let i = c - 15. Is i prime?
True
Let m(l) = -l + 13. Let t(f) = -f**2 + 3*f + 1. Let r be t(4). Let b = -3 + r. Is m(b) a composite number?
False
Is ((-133)/19 - -10)*57829/3 composite?
False
Let p be (-255)/30 - 1/(-2). Let q be 0 - (-7)/((-28)/p). Is 6/q*54 - 1 a composite number?
True
Let h(m) = 156*m**3 + m**2. Let z be h(-1). Let r(b) = b**3 - 12*b**2 + 30*b - 68. Let i be r(6). Let d = i - z. Is d a prime number?
False
Let l(r) = r**2 - 4*r - 6. Let v be l(7). Let i = v + -14. Is 4/12*801/i a composite number?
True
Suppose -3*h + 4*z = -1, 2*z - 9 = h + 3*z. Let v be (-2)/h + (-8514)/110. Is 3706/14 - 22/v prime?
False
Suppose 4*w + m = -2*m - 19, -5*w = -5*m - 20. Let n be 1*-13 + 3 + w. Is -10 + 10 - n*11 composite?
True
Let f(a) be the second derivative of 3*a - 5/2*a**2 - 5/12*a**4 + 0 - 1/3*a**3 - 1/2*a**5. Is f(-4) a prime number?
True
Let b be 40/(-3)*12/5. Let t = b - -30. Is 8/(-12)*3453/t prime?
True
Let w = 0 - -2. Let b(x) be the first derivative of 4*x**4 + 4*x**3/3 - 2*x**2 + 3*x - 99. Is b(w) a composite number?
False
Let d(p) = p**3 + 46*p**2 + 47*p + 33. Is d(-28) a prime number?
True
Suppose -h + 207 = -4*d, 2*h = 5*d - 142 + 400. Let r be (-1)/(-4) + (-143)/d. Suppose v - r = 92. Is v composite?
True
Let x(i) = 4*i - 14. Let v(c) = 9*c - 29. Let l(z) = 3*v(z) - 5*x(z). Is l(13) a prime number?
False
Is 689 - (-7)/(56/(-48)) prime?
True
Suppose -15*m + 8*m + 54005 = 0. Is m prime?
False
Let z be 152*(-15)/(-18) - (-42)/(-63). Suppose 2*m - 382 = 4*i, -5*i = -6*m + m + 955. Let k = m - z. Is k prime?
False
Suppose -13*m = -18*m - 15. Let u = m + 10. Suppose 538 = -5*w + u*w. Is w a composite number?
False
Let l be 748/32*-14*-4. Suppose 4*p - l = -81. Is p a composite number?
False
Let c(h) = 2*h**3 + h**2 - 2*h - 6. Let r(v) = -2*v**3 - v**2 + 3*v + 6. Let n(a) = 3*c(a) + 4*r(a). Is n(-4) prime?
False
Let l = -1